0 - (-5 + 6) - 7).
13
What is (31 + 11 - 6) + -64?
-28
What is 32 + (11 - -18) + -36?
25
Evaluate (66 - 92) + (1 - 4 - -14).
-15
What is -2 + (-3 + -4 - -9) + (2 - -2)?
4
6 + -21 - -4 - 4
-15
Evaluate -7 + 1 + 2 + (-10 - (5 - 9)).
-10
Calculate -1 - -4 - (1 - (-5 + 6 + -2)).
1
What is the value of 4 + 13 + (12 - 29) + (-8 - 0)?
-8
What is the value of 13 + (18 - 13) - 7?
11
What is the value of (21 - -3) + 1 - 13?
12
What is the value of -84 - -117 - (2 + 10)?
21
(4 - 4) + (6 - 0 - (1 + -4))
9
What is -20 + -13 + 31 + 10 + 0 - 0?
8
Calculate 223 + -205 + -5 + -27.
-14
What is 60 + -46 + -24 - (-1 + -13)?
4
What is the value of (9 - 27) + 16 + -5?
-7
What is the value of (16 - 9) + (5 - (-2 + -5))?
19
What is the value of -9 - (10 + -7) - (-3 + 5)?
-14
What is the value of (3 - 10 - (3 - 4)) + 2 + -6?
-10
Evaluate 9 - ((1 - -10) + 4).
-6
What is the value of -21 + 30 + -29 + 11?
-9
Evaluate (3 - (1 + -1)) + -647 + 617.
-27
Evaluate (18 + -39 + 32 - (0 - -6)) + -3.
2
Calculate (-1 - -4) + (12 - 15 - -4).
4
Calculate (12 + -26 - (2 + -6)) + 12.
2
Calculate (2 - (11 - 4)) + 13.
8
Evaluate 39 + -35 - (-5 - -18).
-9
(-108 + 99 - (1 + 10)) + 6
-14
-1 + (-18 - -27) + -18
-10
Calculate -12 - (0 - (3 - -34)).
25
Evaluate 142 - 174 - (0 - 16) - 20.
-36
What is the value of -17 + (-7 - (-8 + -7)) - (26 + -28)?
-7
Calculate -71 + 39 + 65 + -33.
0
What is the value of -7 + (2 + -5 - (-9 + 12 + -1))?
-12
Calculate 14 - (15 - (-4 - -19)).
14
Evaluate (1 - -1 - 0) + -1 + -32 + 41.
10
What is 20 + (-1 - 10) + -3 + 12?
18
30 - 19 - (-1 - -14)
-2
Evaluate -7 + (-1 - -1) + 259 + -250.
2
What is the value of -10 - -20 - 39 - -14 - -9?
-6
Calculate (5 - (8 + -6)) + 1 + -6.
-2
What is the value of (-2 - -1) + 5 + -1 + -13?
-10
What is -2 + -14 + 6 + 0 + -2 + -10?
-22
Calculate 2 - (-6 + (-2 - -6) - 2).
6
-3 - (0 + (-5 - (3 + -10)))
-5
Calculate 1 + (5 - 7) + 4 + 7.
10
What is the value of (-2 - -1) + 8 + (47 - 71 - -20)?
3
What is 0 - -3 - (8 + -22 + 23) - 7?
-13
Evaluate (6 - (4 - -17)) + 3.
-12
Calculate (-23 - (-16 + -6)) + (2 + 8 - 2).
7
-50 + 19 + 42 - (-6 + 1 + 1)
15
Evaluate -12 - -21 - (0 + 0 + -7).
16
What is (-3 - -18) + -17 + 11?
9
What is the value of 4 - (5 + -3) - (14 + -18)?
6
Calculate -33 - -48 - (-2 + 11) - -5.
11
Evaluate 2 + 7 + 5 + (-11 - -2).
5
Evaluate -12 - -1 - (-219 + 202) - 14.
-8
What is the value of -2 + (-5 - ((-8 - -3) + 9))?
-11
What is the value of 9 + -2 - (3 - (1 + 4))?
9
-3 - ((-1 - (-2 - -5)) + 4)
-3
-4 + 32 + (-12 - -3)
19
Calculate (1 - 0) + (-50 - -57) + -12.
-4
Evaluate 49 + (-4 - 35) - (-1 - -30).
-19
(-4 - 10) + 18 + (-3 - 1)
0
What is the value of -1 - 10 - (18 - (18 - 22))?
-33
What is (6 - 0) + 3 + -21 + -1?
-13
Evaluate (-1 + -3 - (-24 + 17)) + (-1 - -15).
17
Evaluate -2 - -1 - 1 - (-7 + 55 - 46).
-4
What is the value of -1 - (2 + -2) - (-723 + 716)?
6
What is -2 - ((-7 - 1) + (49 - 49)) - 6?
0
What is the value of (6 - -10) + -10 - (-4 - 1)?
11
What is the value of -5 - 0 - (-5 + 13 + -6) - 0?
-7
Evaluate 4 + (-49 - -36) - -3.
-6
Calculate (30 - 19) + 4 + -32.
-17
Evaluate 10 + (2 - 4) + (-82 + 45 - -21).
-8
(-8 - 8) + 9 + 2 + -3 - 10
-18
Calculate (-1139 - -1141) + -31 + -2.
-31
Evaluate (1 - 0 - (1 - -3)) + -324 + 322.
-5
Evaluate (-6 - -2) + -5 + 4 - (-7 + 1).
1
Calculate -3 + (-2 - 38) - (-7 + 17 - 20).
-33
What is the value of 17 + (22 - 35) + (2 - (2 + -1))?
5
Evaluate -5 + (10 - 7) - -8.
6
Calculate (5 - 1) + (1 + 1 - (2 - -1)).
3
Evaluate -23 + 8 - (-66 - -33).
18
Calculate -5 + (5 - -2 - -2) + -8.
-4
Evaluate (-11 + 6 + -19 - -4) + (0 - -7).
-13
Evaluate -16 + 4 - (22 + -23).
-11
23 + -17 + (7 + -3 - 12)
-2
What is (0 - 14) + 23 - 21?
-12
What is the value of 17 + (-4 - (30 + -27))?
10
Calculate 1 + 4 + -10 + 10.
5
Evaluate (9 - 18) + (1 + 22 - 2) - 0.
12
Evaluate -124 - -130 - (1 + 6) - (-1 + 9).
-9
Evaluate -17 - (-16 - (17 - 17) - 15).
14
What is the value of -19 + (0 - (-19 + (49 - 13)))?
-36
5 - (-4 + (19 - 12))
2
What is -9 + 4 - (-13 - 0 - -2)?
6
What is -6 + ((-16 - -4) + 6 - -12)?
0
-39 - -12 - -22 - 7
-12
What is 53 + (-57 - -20) + (-1 - 21)?
-6
8 + 6 + (-30 - -20) - (0 - -2)
2
-32 + 37 + (1 - 4 - (55 - 36))
-17
What is the value of ((-1 - -2) + -4 - -2) + 11?
10
What is the value of -3 + (-8 - -5 - 1) + (-24 - -55)?
24
-23 - -43 - -11 - 13
18
(-1 - -2 - 0) + (-6 - -14 - 11)
-2
Evaluate 12 - (9 - (5 + -14)).
-6
Calculate 5 - 16 - (-13 - -14).
-12
329 + -330 - (3 + -4 + 2 - 6)
4
-15 + (38 + 10 - 30)
3
What is the value of 48 - (10 - -13) - 4?
21
What is 1 - 0 - -6 - (11 - (23 + 1))?
20
29 + (26 + -15 + -22 - (-1 - -1))
18
What is the value of -64 + (-11 - -38) - -33?
-4
-22 + -5 - -6 - -32
11
What is the value of 235 + -204 - (20 + -1)?
12
What is the value of -4 - (2 + 9 + -1 + 10 + -2)?
-22
Evaluate 2 + 38 + -30 + 15 + -2.
23
What is -4 - 38 - (-37 + (39 - 16))?
-28
What is the value of (-4 - (-6 + -3 + 0)) + 3?
8
Evaluate 17 + 2 + 0 + (-12 - -20) - 5.
22
Calculate 12 + (-29 - -26) + 15.
24
-8 + (14 - 9 - 5)
-8
Calculate (-5 - -1) + 179 + -164.
11
What is (-10 - -10) + -7 + -3?
-10
Calculate 21 - (27 + (22 - 14)).
-14
12 + 2 + -3 + -10 - 12
-11
What is the value of 36 - (27 + 4 + 3 + -22)?
24
Calculate (15 - 0) + (45 - (21 + 21)).
18
What is the value of (4 - 3) + (-1 + 4 - (9 + 2))?
-7
76 - 78 - (-1 - 4 - (-1 - 1))
1
What is (0 - 15) + (26 + 17 - 32)?
-4
Calculate 8 + 2 + (-12 - -6) + -11 + 6.
-1
What is the value of -32 + 10 + 0 - -8 - 8?
-22
22 - (16 + (-11 - (4 + -8)))
13
2 - 4 - (9 + -3 + 15)
-23
What is the value of -35 + 31 + (-30 - -19)?
-15
(-17 - 6 - -18) + -16
-21
Calculate 12 - 31 - -8 - (-8 - -2) - -30.
25
Evaluate (13 - (138 - 40)) + 48.
-37
Evaluate -19 + (-3 - -6) + -5.
-21
-10 - 5 - -2 - (8 - -4)
-25
What is -5 - (0 + (-29 + 0 - (-9 + 16)))?
31
What is the value of -8 - (14 - 7) - -22?
7
What is the value of 11 - (0 + -1) - (98 - 68)?
-18
Evaluate (6 - 11) + 5 - ((4 - 10) + 5).
1
Evaluate 1 - (-1 - -9 - 10).
3
Calculate (5 - (-9 - 0) - 8) + -8.
-2
Evaluate (-1 - (9 - 5)) + -5 - (1 - 4).
-7
Calculate 0 + -5 - (4 - (3 + -6) - -1).
-13
What is the value of 145 + -135 - (0 - -2) - -16?
24
Calculate -11 + 0 - (-13 + -3).
5
Evaluate -1412 + 1416 + (0 + -22 - 0).
-18
Evaluate 10 - (-1 + 6 + -12 - (-11 + -46)).
-40
Evaluate 3 + (9 + -13 - -3).
2
(-9 - 0) + 1 - (-250 - -245)
-3
Evaluate (-1 + -4 - -15) + -14 + 7 + -10.
-7
Evaluate 93 + -89 + (1 + -14 - (-1 - -3)).
-11
10 + (5 - (7 + 0 + -2)) + 2
12
What is the value of (16 + -4 - (-1 - -6)) + -19?
-12
What is the value of 84 + -69 + 3 + 2 + -10?
10
Calculate 28 + (-11 - (-19 + 17)).
19
What is the value of (16 - 8) + -5 + 1 + -1 + -8?
-5
Calculate 2 - (10 + -8 + 3 - 1).
-2
What is the value of 8 - (-6 - -22 - (5 - -1))?
-2
Calculate -25 + 10 + 4 + 8 + -4.
-7
Calculate 78 - 80 - (4 - (0 - 2)).
-8
Evaluate -2 - (5 + (2 + -4 - 10)).
5
3 + 4 + (-1 - 6) + 69 + -56
13
Evaluate 54 - 48 - (3 - -1 - 11).
13
Calculate -38 - (4 + -19) - -26.
3
27 - (9 - (-6 + 0))
12
Calculate -75 - -71 - (8 + 1).
-13
Calculate -11 + 3 + -11 + (3 - (-2 - 25)).
11
-30 - (-11 - -14 - 25)
-8
What is the value of (20 + 0 - 17) + -9 + 0?
-6
What is the value of -3 + 21 + -11 + -1?
6
Calculate (4 - 19 - 15) + 13.
-17
Calculate (-19 + 22 - 8) + 1 + 22.
18
2 + -11 - (-130 - -128)
-7
What is the value of -14 + 7 + 6 + 1 + (1 - 4)?
-3
What is (-130 - -120) + 4 + -2 + 1?
-7
What is the value of -3 - (-11 - -4 - (4 - (-2 - -21)))?
-11
What is the value of 2 + (0 + -1 - 5) - (-11 + 2)?
5
What is 8 + 4 + -8 - 1?
3
-15 + (-5 - -7) + 15
2
(3 - 4) + 6 + 1 - (48 + -80)
38
Evaluate 10 - 7 - 1 - -14.
16
Calculate -11 + 23 + -1 - 11.
0
Calculate -3 - (-2 - ((-19 - (-1 - 9)) + 6)).
-4
-12 + 3 + 14 + (1 - (1 - 4))
9
What is -26 + 50 - 43 - -8?
-11
Calculate 14 - ((15 - 29) + 38).
-10
What is the value of 0 + 17 + (90 - 85) + -18?
4
What is -6 - (-25 - -3 - -15)?
1
Evaluate 8 - (13 - (11 + -4)) - -14 - 4.
12
Calculate (18 - (4 - -2)) + -6 - -6.
12
What is the value of -1 + (-2 - -2) - (-11 - -9 - 2)?
3
What is -4 - (-2 + -6 + 5) - -1?
0
What is 0 - -9 - (15 + (19 - 28))?
3
Calculate -1 - ((6 + -38 - -4) + 9 + -3).
21
Calculate 7 - (-3 - -5) - (1 + (2 - -10)).
-8
What is -53 + 2 + 6 + 20?
-25
What is 5 + (3 - 0) + -85 + 89?
12
Evaluate (-2 - -5) + (4 - -1) + -4 + 0.
4
Evaluate (5 - (18 + -1